{"id":2371,"date":"2023-07-24T07:52:20","date_gmt":"2023-07-24T07:52:20","guid":{"rendered":"https:\/\/helloly.blog\/blog\/?page_id=2371"},"modified":"2023-07-24T08:06:42","modified_gmt":"2023-07-24T08:06:42","slug":"kontakt","status":"publish","type":"page","link":"https:\/\/www.helloly.com\/blog\/kontakt\/","title":{"rendered":"Kontakt"},"content":{"rendered":"\t\t<div data-elementor-type=\"wp-page\" data-elementor-id=\"2371\" class=\"elementor elementor-2371\" data-elementor-post-type=\"page\">\n\t\t\t\t\t\t<section class=\"elementor-section elementor-top-section elementor-element elementor-element-78ace070 elementor-section-boxed elementor-section-height-default elementor-section-height-default\" data-id=\"78ace070\" data-element_type=\"section\" data-e-type=\"section\">\n\t\t\t\t\t\t<div class=\"elementor-container elementor-column-gap-default\">\n\t\t\t\t\t<div class=\"elementor-column elementor-col-100 elementor-top-column elementor-element elementor-element-56ea988\" data-id=\"56ea988\" data-element_type=\"column\" data-e-type=\"column\">\n\t\t\t<div class=\"elementor-widget-wrap elementor-element-populated\">\n\t\t\t\t\t\t<section class=\"elementor-section elementor-inner-section elementor-element elementor-element-2f16c4e elementor-section-boxed elementor-section-height-default elementor-section-height-default\" data-id=\"2f16c4e\" data-element_type=\"section\" data-e-type=\"section\">\n\t\t\t\t\t\t<div class=\"elementor-container elementor-column-gap-default\">\n\t\t\t\t\t<div class=\"elementor-column elementor-col-50 elementor-inner-column elementor-element elementor-element-4bf4d2f\" data-id=\"4bf4d2f\" data-element_type=\"column\" data-e-type=\"column\">\n\t\t\t<div class=\"elementor-widget-wrap elementor-element-populated\">\n\t\t\t\t\t\t<div class=\"elementor-element elementor-element-612565e elementor-widget elementor-widget-text-editor\" data-id=\"612565e\" data-element_type=\"widget\" data-e-type=\"widget\" data-widget_type=\"text-editor.default\">\n\t\t\t\t<div class=\"elementor-widget-container\">\n\t\t\t\t\t\t\t\t\t<h5>Es gibt ein spezielles Thema, dass Sie interessiert und \u00fcber das wir berichten sollen?<\/h5><h5>Sie haben W\u00fcnsche oder Anliegen in Bezug auf unseren Blog oder eine konkrete Frage zu einem Artikel?<\/h5><h5>Wir freuen uns \u00fcber Ihre Nachricht!<\/h5><h5>\u00a0<\/h5>\t\t\t\t\t\t\t\t<\/div>\n\t\t\t\t<\/div>\n\t\t\t\t\t<\/div>\n\t\t<\/div>\n\t\t\t\t<div class=\"elementor-column elementor-col-50 elementor-inner-column elementor-element elementor-element-f968b78\" data-id=\"f968b78\" data-element_type=\"column\" data-e-type=\"column\">\n\t\t\t<div class=\"elementor-widget-wrap elementor-element-populated\">\n\t\t\t\t\t\t<div class=\"elementor-element elementor-element-e7125f1 elementor-button-align-stretch elementor-widget elementor-widget-form\" data-id=\"e7125f1\" data-element_type=\"widget\" data-e-type=\"widget\" data-settings=\"{&quot;step_next_label&quot;:&quot;N\\u00e4chster&quot;,&quot;step_previous_label&quot;:&quot;Voriger&quot;,&quot;button_width&quot;:&quot;100&quot;,&quot;step_type&quot;:&quot;number_text&quot;,&quot;step_icon_shape&quot;:&quot;circle&quot;}\" data-widget_type=\"form.default\">\n\t\t\t\t<div class=\"elementor-widget-container\">\n\t\t\t\t\t\t\t<form class=\"elementor-form\" method=\"post\" name=\"Neues Formular\" aria-label=\"Neues Formular\">\n\t\t\t<input type=\"hidden\" name=\"post_id\" value=\"2371\"\/>\n\t\t\t<input type=\"hidden\" name=\"form_id\" value=\"e7125f1\"\/>\n\t\t\t<input type=\"hidden\" name=\"referer_title\" value=\"Kontakt - helloly blog\" \/>\n\n\t\t\t\t\t\t\t<input type=\"hidden\" name=\"queried_id\" value=\"2371\"\/>\n\t\t\t\n\t\t\t<div class=\"elementor-form-fields-wrapper elementor-labels-above\">\n\t\t\t\t\t\t\t\t<div class=\"elementor-field-type-text elementor-field-group elementor-column elementor-field-group-name elementor-col-100\">\n\t\t\t\t\t\t\t\t\t\t\t\t<label for=\"form-field-name\" class=\"elementor-field-label\">\n\t\t\t\t\t\t\t\tName\t\t\t\t\t\t\t<\/label>\n\t\t\t\t\t\t\t\t\t\t\t\t\t\t<input size=\"1\" type=\"text\" name=\"form_fields[name]\" id=\"form-field-name\" class=\"elementor-field elementor-size-sm  elementor-field-textual\" placeholder=\"Name\">\n\t\t\t\t\t\t\t\t\t\t\t<\/div>\n\t\t\t\t\t\t\t\t<div class=\"elementor-field-type-email elementor-field-group elementor-column elementor-field-group-email elementor-col-100 elementor-field-required\">\n\t\t\t\t\t\t\t\t\t\t\t\t<label for=\"form-field-email\" class=\"elementor-field-label\">\n\t\t\t\t\t\t\t\tE-Mail\t\t\t\t\t\t\t<\/label>\n\t\t\t\t\t\t\t\t\t\t\t\t\t\t<input size=\"1\" type=\"email\" name=\"form_fields[email]\" id=\"form-field-email\" class=\"elementor-field elementor-size-sm  elementor-field-textual\" placeholder=\"E-Mail\" required=\"required\">\n\t\t\t\t\t\t\t\t\t\t\t<\/div>\n\t\t\t\t\t\t\t\t<div class=\"elementor-field-type-textarea elementor-field-group elementor-column elementor-field-group-message elementor-col-100 elementor-field-required\">\n\t\t\t\t\t\t\t\t\t\t\t\t<label for=\"form-field-message\" class=\"elementor-field-label\">\n\t\t\t\t\t\t\t\tNachricht\t\t\t\t\t\t\t<\/label>\n\t\t\t\t\t\t<textarea class=\"elementor-field-textual elementor-field  elementor-size-sm\" name=\"form_fields[message]\" id=\"form-field-message\" rows=\"4\" placeholder=\"Nachricht\" required=\"required\"><\/textarea>\t\t\t\t<\/div>\n\t\t\t\t\t\t\t\t<div class=\"elementor-field-group elementor-column elementor-field-type-submit elementor-col-100 e-form__buttons\">\n\t\t\t\t\t<button class=\"elementor-button elementor-size-sm\" type=\"submit\">\n\t\t\t\t\t\t<span class=\"elementor-button-content-wrapper\">\n\t\t\t\t\t\t\t\t\t\t\t\t\t\t\t\t\t\t\t\t\t\t<span class=\"elementor-button-text\">Senden<\/span>\n\t\t\t\t\t\t\t\t\t\t\t\t\t<\/span>\n\t\t\t\t\t<\/button>\n\t\t\t\t<\/div>\n\t\t\t<\/div>\n\t\t<\/form>\n\t\t\t\t\t\t<\/div>\n\t\t\t\t<\/div>\n\t\t\t\t\t<\/div>\n\t\t<\/div>\n\t\t\t\t\t<\/div>\n\t\t<\/section>\n\t\t\t\t\t<\/div>\n\t\t<\/div>\n\t\t\t\t\t<\/div>\n\t\t<\/section>\n\t\t\t\t<\/div>\n\t\t","protected":false},"excerpt":{"rendered":"<p>Es gibt ein spezielles Thema, dass Sie interessiert und \u00fcber das wir berichten sollen? Sie haben W\u00fcnsche oder Anliegen in Bezug auf unseren Blog oder eine konkrete Frage zu einem Artikel? Wir freuen uns \u00fcber Ihre Nachricht! \u00a0<\/p>\n","protected":false},"author":1,"featured_media":0,"parent":0,"menu_order":0,"comment_status":"closed","ping_status":"closed","template":"elementor_theme","meta":{"yasr_overall_rating":0,"yasr_post_is_review":"","yasr_auto_insert_disabled":"","yasr_review_type":"","footnotes":""},"class_list":["post-2371","page","type-page","status-publish","hentry"],"yoast_head":"<!-- This site is optimized with the Yoast SEO Premium plugin v27.4 (Yoast SEO v27.4) - https:\/\/yoast.com\/product\/yoast-seo-premium-wordpress\/ -->\n<title>Kontakt - helloly blog<\/title>\n<meta name=\"robots\" content=\"index, follow, max-snippet:-1, max-image-preview:large, max-video-preview:-1\" \/>\n<link rel=\"canonical\" href=\"https:\/\/www.helloly.com\/blog\/kontakt\/\" \/>\n<meta property=\"og:locale\" content=\"de_DE\" \/>\n<meta property=\"og:type\" content=\"article\" \/>\n<meta property=\"og:title\" content=\"Kontakt\" \/>\n<meta property=\"og:description\" content=\"Es gibt ein spezielles Thema, dass Sie interessiert und \u00fcber das wir berichten sollen? Sie haben W\u00fcnsche oder Anliegen in Bezug auf unseren Blog oder eine konkrete Frage zu einem Artikel? Wir freuen uns \u00fcber Ihre Nachricht! \u00a0\" \/>\n<meta property=\"og:url\" content=\"https:\/\/www.helloly.com\/blog\/kontakt\/\" \/>\n<meta property=\"og:site_name\" content=\"helloly blog\" \/>\n<meta property=\"article:modified_time\" content=\"2023-07-24T08:06:42+00:00\" \/>\n<meta name=\"twitter:card\" content=\"summary_large_image\" \/>\n<script type=\"application\/ld+json\" class=\"yoast-schema-graph\">{\"@context\":\"https:\\\/\\\/schema.org\",\"@graph\":[{\"@type\":\"WebPage\",\"@id\":\"https:\\\/\\\/www.helloly.com\\\/blog\\\/kontakt\\\/\",\"url\":\"https:\\\/\\\/www.helloly.com\\\/blog\\\/kontakt\\\/\",\"name\":\"Kontakt - helloly blog\",\"isPartOf\":{\"@id\":\"https:\\\/\\\/www.helloly.com\\\/blog\\\/#website\"},\"datePublished\":\"2023-07-24T07:52:20+00:00\",\"dateModified\":\"2023-07-24T08:06:42+00:00\",\"breadcrumb\":{\"@id\":\"https:\\\/\\\/www.helloly.com\\\/blog\\\/kontakt\\\/#breadcrumb\"},\"inLanguage\":\"de\",\"potentialAction\":[{\"@type\":\"ReadAction\",\"target\":[\"https:\\\/\\\/www.helloly.com\\\/blog\\\/kontakt\\\/\"]}]},{\"@type\":\"BreadcrumbList\",\"@id\":\"https:\\\/\\\/www.helloly.com\\\/blog\\\/kontakt\\\/#breadcrumb\",\"itemListElement\":[{\"@type\":\"ListItem\",\"position\":1,\"name\":\"Startseite\",\"item\":\"https:\\\/\\\/www.helloly.com\\\/blog\\\/\"},{\"@type\":\"ListItem\",\"position\":2,\"name\":\"Kontakt\"}]},{\"@type\":\"WebSite\",\"@id\":\"https:\\\/\\\/www.helloly.com\\\/blog\\\/#website\",\"url\":\"https:\\\/\\\/www.helloly.com\\\/blog\\\/\",\"name\":\"helloly blog\",\"description\":\"Der helloly Blog\",\"publisher\":{\"@id\":\"https:\\\/\\\/www.helloly.com\\\/blog\\\/#organization\"},\"potentialAction\":[{\"@type\":\"SearchAction\",\"target\":{\"@type\":\"EntryPoint\",\"urlTemplate\":\"https:\\\/\\\/www.helloly.com\\\/blog\\\/?s={search_term_string}\"},\"query-input\":{\"@type\":\"PropertyValueSpecification\",\"valueRequired\":true,\"valueName\":\"search_term_string\"}}],\"inLanguage\":\"de\"},{\"@type\":\"Organization\",\"@id\":\"https:\\\/\\\/www.helloly.com\\\/blog\\\/#organization\",\"name\":\"helloly blog\",\"url\":\"https:\\\/\\\/www.helloly.com\\\/blog\\\/\",\"logo\":{\"@type\":\"ImageObject\",\"inLanguage\":\"de\",\"@id\":\"https:\\\/\\\/www.helloly.com\\\/blog\\\/#\\\/schema\\\/logo\\\/image\\\/\",\"url\":\"https:\\\/\\\/www.helloly.com\\\/blog\\\/wp-content\\\/uploads\\\/2024\\\/09\\\/helloly_logo_blog.png\",\"contentUrl\":\"https:\\\/\\\/www.helloly.com\\\/blog\\\/wp-content\\\/uploads\\\/2024\\\/09\\\/helloly_logo_blog.png\",\"width\":500,\"height\":193,\"caption\":\"helloly blog\"},\"image\":{\"@id\":\"https:\\\/\\\/www.helloly.com\\\/blog\\\/#\\\/schema\\\/logo\\\/image\\\/\"}},false]}<\/script>\n<!-- \/ Yoast SEO Premium plugin. -->","yoast_head_json":{"title":"Kontakt - helloly blog","robots":{"index":"index","follow":"follow","max-snippet":"max-snippet:-1","max-image-preview":"max-image-preview:large","max-video-preview":"max-video-preview:-1"},"canonical":"https:\/\/www.helloly.com\/blog\/kontakt\/","og_locale":"de_DE","og_type":"article","og_title":"Kontakt","og_description":"Es gibt ein spezielles Thema, dass Sie interessiert und \u00fcber das wir berichten sollen? Sie haben W\u00fcnsche oder Anliegen in Bezug auf unseren Blog oder eine konkrete Frage zu einem Artikel? Wir freuen uns \u00fcber Ihre Nachricht! \u00a0","og_url":"https:\/\/www.helloly.com\/blog\/kontakt\/","og_site_name":"helloly blog","article_modified_time":"2023-07-24T08:06:42+00:00","twitter_card":"summary_large_image","schema":{"@context":"https:\/\/schema.org","@graph":[{"@type":"WebPage","@id":"https:\/\/www.helloly.com\/blog\/kontakt\/","url":"https:\/\/www.helloly.com\/blog\/kontakt\/","name":"Kontakt - helloly blog","isPartOf":{"@id":"https:\/\/www.helloly.com\/blog\/#website"},"datePublished":"2023-07-24T07:52:20+00:00","dateModified":"2023-07-24T08:06:42+00:00","breadcrumb":{"@id":"https:\/\/www.helloly.com\/blog\/kontakt\/#breadcrumb"},"inLanguage":"de","potentialAction":[{"@type":"ReadAction","target":["https:\/\/www.helloly.com\/blog\/kontakt\/"]}]},{"@type":"BreadcrumbList","@id":"https:\/\/www.helloly.com\/blog\/kontakt\/#breadcrumb","itemListElement":[{"@type":"ListItem","position":1,"name":"Startseite","item":"https:\/\/www.helloly.com\/blog\/"},{"@type":"ListItem","position":2,"name":"Kontakt"}]},{"@type":"WebSite","@id":"https:\/\/www.helloly.com\/blog\/#website","url":"https:\/\/www.helloly.com\/blog\/","name":"helloly blog","description":"Der helloly Blog","publisher":{"@id":"https:\/\/www.helloly.com\/blog\/#organization"},"potentialAction":[{"@type":"SearchAction","target":{"@type":"EntryPoint","urlTemplate":"https:\/\/www.helloly.com\/blog\/?s={search_term_string}"},"query-input":{"@type":"PropertyValueSpecification","valueRequired":true,"valueName":"search_term_string"}}],"inLanguage":"de"},{"@type":"Organization","@id":"https:\/\/www.helloly.com\/blog\/#organization","name":"helloly blog","url":"https:\/\/www.helloly.com\/blog\/","logo":{"@type":"ImageObject","inLanguage":"de","@id":"https:\/\/www.helloly.com\/blog\/#\/schema\/logo\/image\/","url":"https:\/\/www.helloly.com\/blog\/wp-content\/uploads\/2024\/09\/helloly_logo_blog.png","contentUrl":"https:\/\/www.helloly.com\/blog\/wp-content\/uploads\/2024\/09\/helloly_logo_blog.png","width":500,"height":193,"caption":"helloly blog"},"image":{"@id":"https:\/\/www.helloly.com\/blog\/#\/schema\/logo\/image\/"}},false]}},"yasr_visitor_votes":{"stars_attributes":{"read_only":false,"span_bottom":false},"number_of_votes":0,"sum_votes":0},"_links":{"self":[{"href":"https:\/\/www.helloly.com\/blog\/wp-json\/wp\/v2\/pages\/2371","targetHints":{"allow":["GET"]}}],"collection":[{"href":"https:\/\/www.helloly.com\/blog\/wp-json\/wp\/v2\/pages"}],"about":[{"href":"https:\/\/www.helloly.com\/blog\/wp-json\/wp\/v2\/types\/page"}],"author":[{"embeddable":true,"href":"https:\/\/www.helloly.com\/blog\/wp-json\/wp\/v2\/users\/1"}],"replies":[{"embeddable":true,"href":"https:\/\/www.helloly.com\/blog\/wp-json\/wp\/v2\/comments?post=2371"}],"version-history":[{"count":0,"href":"https:\/\/www.helloly.com\/blog\/wp-json\/wp\/v2\/pages\/2371\/revisions"}],"wp:attachment":[{"href":"https:\/\/www.helloly.com\/blog\/wp-json\/wp\/v2\/media?parent=2371"}],"curies":[{"name":"wp","href":"https:\/\/api.w.org\/{rel}","templated":true}]}}